
43
Let t = -198 - -389. Suppose -t - 106 = -y. Suppose 15*w - 18*w = -y. What are the prime factors of w?
3, 11
Let a = 87 + -48. Let v = 100 - a. Suppose 3*x + 195 = 6*x + 3*c, -v = -x - 5*c. What are the prime factors of x?
2, 3, 11
Suppose 0 = 48*t + 98 + 46. What are the prime factors of 9/((-126)/(-17339)) - t/(-2)?
1237
Suppose -1407127 = -152*c + 1329633. List the prime factors of c.
5, 13, 277
Let i be (573/(-12))/((-2)/(-12 + 4)). Let q = 1089 - i. What are the prime factors of q?
2, 5
Suppose -106644 = -62*v + 50*v. List the prime factors of v.
8887
Let r(u) = -u + 19. Let a be r(16). Suppose 4*b + 14 + 2 = 0, a*x = -2*b + 304. Let w = -51 + x. List the prime factors of w.
53
Let i = 6 + 6. Suppose 4*a + 23 = 4*s + a, i = s - 2*a. List the prime factors of (-3 - (-3 + -1 + s))*-94.
2, 47
Let u be (6 + -2 - 2) + 44/11. Let s be -10*(4 - u)*1/4. Suppose -3*g - 81 = -3*q, 0 = s*q + 3*g + 2*g - 95. List the prime factors of q.
23
What are the prime factors of 62*1/(16/2272)?
2, 31, 71
Let n(p) = 12012*p**2 + 65*p + 130. What are the prime factors of n(-2)?
2, 3, 7, 11, 13
Let z = 33 - 45. What are the prime factors of 15664/24 + z/(-9)?
2, 3, 109
Suppose -4*g - 5*b = 10, -g + 32*b - 6 = 35*b. Let a(n) = n + n**2 + 69 + 0*n**2 - 11 - n**3. List the prime factors of a(g).
2, 29
What are the prime factors of (21/(-42))/((-1)/3 + (-26491)/(-79482))?
13, 1019
Suppose 2*w = -3*q + 16, -q - 4*w = -2*q - 18. Let o be 1/(q/2) + 11 + -3. Suppose 15*z = o*z + 552. List the prime factors of z.
2, 23
What are the prime factors of ((-1840)/(-270))/((-2)/(-11004)) + 148/(-1332)?
5, 7499
Suppose -38 = -5*b + 5*n - 108, -3*b - 5*n = 74. Let g = -26 - b. List the prime factors of (3/(-4))/(1/g).
2, 3
Let v(p) = -9 + 39 - 3*p + 14. Let i be v(-14). Suppose -3*a + l + i + 62 = 0, a + 2*l = 40. List the prime factors of a.
2, 3
Let d(n) = 0*n**2 - 4*n**2 + 8*n**2 - 9*n - 22 - n**2. What are the prime factors of d(-10)?
2, 23
Let g(w) be the first derivative of w**3/3 + 25*w**2/2 + 66*w - 8. Let d be g(-22). Suppose 4*c - 2*t - 964 = -d*t, -5*t = -20. List the prime factors of c.
3
Let i = 52687 - 36607. What are the prime factors of i?
2, 3, 5, 67
Let w = -245 - 149. Let h be (-15)/30 + 3717/(-6). Let b = w - h. What are the prime factors of b?
2, 113
Let m = 64486 - 34990. List the prime factors of m.
2, 3, 1229
Suppose -50*i + 2466048 = -12*i. What are the prime factors of i/273 - 4/(-14)?
2, 7, 17
Suppose 3*s = -5*q + 6, 4*s + 23 = 5*q + 66. Suppose s*z = 6490 - 1849. List the prime factors of z.
3, 13, 17
Suppose r - 13 = 4*o, -4*r - 2*o + 63 - 11 = 0. Suppose -2*j - 2218 = -4*y, 5*y - r*j - 2789 = -16*j. What are the prime factors of y?
2, 139
Let k(d) = 19*d + 2. Let w be k(-3). Let n = 18 + -22. Let b = n - w. List the prime factors of b.
3, 17
Let k(s) = -s + 15. Let o be k(-2). Suppose o*v = 11*v + 6408. What are the prime factors of v?
2, 3, 89
Suppose -49*q + 475 = -603. What are the prime factors of q/88 + (-5198)/(-8)?
2, 5, 13
Let b(l) = -l**3 + 7*l**2 + 11*l + 1. Suppose x - 28 = -5*z, -33 = -3*x - 0*x + 2*z. Suppose x*s = 2*s + 66. List the prime factors of b(s).
103
Let s(x) = 9165*x**2 - 672*x + 2024. List the prime factors of s(3).
82493
Let x(n) = 11*n + 94. Let i be x(-8). Suppose j - 2*g = i*j - 2338, 2*j - 920 = 3*g. What are the prime factors of j?
2, 233
List the prime factors of (9027270/60)/(-23)*(-16)/6.
2, 7, 89
Let s(m) be the first derivative of -47*m**2 - 6*m - 20. List the prime factors of s(-2).
2, 7, 13
Suppose -2002 = -107*b + 100*b. Suppose -3*m - n = -8*m + 704, -2*m - 4*n = -b. List the prime factors of m.
3, 47
Suppose 0 = 16*y - 6*y - 1610. Suppose 2*x + 59 - y = 0. List the prime factors of (-1 - x)*2/4*-11.
2, 11, 13
Let u = -5 + 9. Suppose -37 = -u*b - 9. What are the prime factors of 9*2*(196/12 - b)?
2, 3, 7
Let f(z) = z**3 - 29*z**2 + 12*z + 14. Let t be f(29). Let j = t + 79. What are the prime factors of j?
3, 7
Let x(b) be the third derivative of -35*b**4/24 - 11*b**3/6 - 63*b**2. What are the prime factors of x(-2)?
59
Let g(x) = -x**3 - 5*x**2 + 14*x + 31. Let o be g(-7). Suppose -2*q - 21 = -i, 26 = 2*i - o*q + 35*q. What are the prime factors of i?
17
Suppose 3*u - 3*b - 50 = 2*u, -3*u + 157 = -2*b. Let k = u + -19. Suppose 0*t + 44 = t + 3*d, 2*d + k = t. List the prime factors of t.
2, 19
Let j(s) = -2*s**2 - 68*s + 79. Let f be j(-35). What are the prime factors of 1226/3 + (-15)/f?
11, 37
Suppose -49140 = -2*w - 84*t + 90*t, 4*w = 5*t + 98273. List the prime factors of w.
3, 19, 431
Let l(y) = y**2 - 16*y - 39. Let q = 48 - 30. Let w be l(q). What are the prime factors of (123/7 + w)*7 - 1?
101
What are the prime factors of (-3 - (-25853 - -2)) + 16/(-8)*3?
2, 3, 59, 73
Let k = -28 + 31. Suppose -12 = -k*y + 4*r - 5, -2*y + 3*r + 4 = 0. Suppose 4 = x, -y*g + 4*x = -2*g - 116. What are the prime factors of g?
2, 11
Suppose -2*m - 182 = 3*m - 4*z, -5*z - 53 = 2*m. Let f = -60 - m. Let r = 51 + f. List the prime factors of r.
5
Let u be 4/20 + (-9)/(-5). Let p(t) = t**2 + t - 14. Let g be p(0). Let b = u - g. What are the prime factors of b?
2
Let g be ((108/21)/(-3))/(4/(-14)). Suppose -2*q - 740 = -g*q. List the prime factors of q.
5, 37
Suppose -3*i + 85 = 2*a, -i - 2*a + 28 = -3. Let w = i + -4. Let l = 1 + w. List the prime factors of l.
2, 3
Let j = 99495 - 46801. What are the prime factors of j?
2, 26347
Let m(x) = -5*x**3 - 2*x - 2. Let h be 24/(-180) + ((-52)/15)/4. Let q be m(h). Suppose -21*u + 20*u = -q. What are the prime factors of u?
5
Let h(d) = 2999*d**2 + 6*d - 11. Let a be h(2). List the prime factors of a/31 - (1 + 5).
3, 127
Let d = -85404 + 140938. What are the prime factors of d?
2, 27767
Let u(g) = 4*g - 26. Suppose 0 = 2*w + 2*h + 12, 2*w - 5*w - 13 = 4*h. Let q be u(w). What are the prime factors of -2*(-3)/((-12)/q)?
5, 7
Suppose -94*t = -91*t + 4*v - 54901, 0 = t - 4*v - 18327. List the prime factors of t.
18307
Let y(q) be the second derivative of -3*q**5/40 - 5*q**4/4 - 8*q**3/3 - 16*q. Let j(i) be the second derivative of y(i). What are the prime factors of j(-14)?
2, 3
Suppose -7495 = -2*o + l, 74*o + 2*l - 14986 = 70*o. List the prime factors of o.
3, 1249
Suppose 13*n = -14*n + 29*n. Suppose n = 2*m + 42 - 528. What are the prime factors of m?
3
Suppose 612*s + 79 = 611*s. Suppose -5*p + 4*c = -2*p + 121, -5*p - 220 = -3*c. Let z = p - s. List the prime factors of z.
2
Suppose -2003*c + 2000*c + 5925 = 0. What are the prime factors of c?
5, 79
Let s be 22864/(-36) + 10/90. Let d = s - -1028. What are the prime factors of d?
3, 131
What are the prime factors of (341/33)/(-31) - (1694424/(-9))/4?
3, 29, 541
Suppose 511 + 417 = 8*r. What are the prime factors of 8/r + (-492489)/(-261)?
3, 17, 37
Let d be ((-6)/4)/((-12)/2608). Let m(k) = 23*k**2 - 8*k + 2*k**2 - 320 + d. What are the prime factors of m(2)?
2, 3, 5
Let c(x) = 2*x - 1. Let y(j) = 23*j + 83. Let m(h) = 3*c(h) + y(h). What are the prime factors of m(18)?
2, 7, 43
Let t = 63052 - 8161. What are the prime factors of t?
3, 19, 107
Let q(p) = -p**2 + 3*p + 160. Let i be q(0). What are the prime factors of 333/148*i/3?
2, 3, 5
Let f(i) = -10*i + 40*i + 7 - 24 - 2*i**2. Let n be f(13). Suppose n + 119 = 2*d. What are the prime factors of d?
7, 11
Let f = 9 - 4. Let w be (28/(-6))/(386/(-78) + f). Let u = w - -152. What are the prime factors of u?
61
Suppose -3*p - 30563 = -4*b, -3*b + p - 5246 = -28167. List the prime factors of b.
2, 5, 191
Suppose 0*a = -4*k + 5*a + 3892, -3*k - 5*a = -2884. Suppose 18*h - 7*h = k. What are the prime factors of h?
2, 11
Let s = 115 + -110. Let m be (0 - -7) + 8/(-4). Suppose -s*v - m = -120. What are the prime factors of v?
23
List the prime factors of 16/288*5036*117.
2, 13, 1259
Suppose 2*p = -3*o - 18, -p - 4*p - 36 = 3*o. Let q be p/(11/7 + 6/14). What are the prime factors of -1 + q - 1*-99?
5, 19
Suppose -40*o - 4959 + 213639 = 0. What are the prime factors of o?
3, 37, 47
Let v(f) = -f**2 - 26*f - 27. Let l be v(-22). Let o = l + -95. List the prime factors of o/(-17) + 1 + 246/2.
2, 3, 7
Let s = -34 + 39. Suppose -s*b - 2 = 2*c - 4*b, -2*c - 3*b = 10. List the prime factors of (c + 26/2)*(-286)/(-44).
7, 13
Let o(l) = l - 1. Suppose 2*r - 17 = -15. Let y be o(r). Supp